5/(-70)). Suppose -x + 3*m = 13, 0 = x - 5*x + q*m - 36. What is the tens digit of u(x)?
5
Let i(t) = 31*t. Let p(y) = 20 - 26 - 5*y + 4*y. Let j be p(-7). What is the tens digit of i(j)?
3
Let f = 1584 + 550. What is the hundreds digit of f?
1
Let m = -249 - -369. Suppose -m = -3*c - c. Suppose -2*k - 3*k = -c. What is the units digit of k?
6
Let f = -3604 + 5452. What is the thousands digit of f?
1
Let b(i) = -7 + 16*i - 10*i + 30*i**2 + 3. What is the hundreds digit of b(3)?
2
Suppose f = 5*m + 106, -4*m + 650 = 5*f + m. Suppose -2*a + 4*a = -f. Let c = 115 + a. What is the tens digit of c?
5
Let c = 111 + -40. Suppose 7*n + c = 8*n. What is the tens digit of n?
7
Suppose -2*l - 2*v = -0*l - 922, -5*l + 2*v + 2270 = 0. Suppose -2*o + 304 = -4*k + 3*k, 2*k = 3*o - l. What is the units digit of o?
2
Let u(y) = 3*y**3 - y**2 - y - 7. Let m(j) = 4*j**3 - j**2 - 6. Let t(k) = 2*m(k) - 3*u(k). What is the units digit of t(-5)?
4
Let q be ((0 + -1)/1)/((-2)/10). Suppose -q*s + 7 + 0 = b, 3 = -b. What is the units digit of s?
2
Suppose -883 = -4*o - 4*k + 1117, -1025 = -2*o + 3*k. What is the hundreds digit of o?
5
What is the tens digit of ((-3672)/180)/((-1)/15)?
0
Suppose -8*u = 3029 - 117. Let f = u + 673. What is the hundreds digit of f?
3
Let d = 9 + -7. Suppose -3*o - 3 = -3*m, m + 13 = 3*o + d*m. Suppose -3*r - 3*p + 60 = 0, 5 + 4 = -o*p. What is the units digit of r?
3
Let s be 122/8 + 1/(-4). Suppose -s*g + 10*g + 535 = 0. What is the hundreds digit of g?
1
Suppose -i + 3*b - 265 = -2521, 2*b - 11331 = -5*i. What is the tens digit of i?
6
Let h = -17 - -15. What is the tens digit of 4/(-6 - h)*93/(-3)?
3
Let k(j) = j**2 - 17*j + 35. Let p be k(15). Suppose 5*q - 570 = p*v, 31 = 2*q - 5*v - 191. What is the units digit of q?
6
Let b be 1 - (576 + -3 - 2). What is the units digit of (-1)/2 + b/(-12)?
7
Suppose l = 5*t + 6*l - 950, 0 = -2*l + 8. Suppose -4*r - t = -5*z - 2*r, -192 = -5*z + 4*r. What is the tens digit of z?
3
Suppose -5*p - 4*q + 134 = -0*q, 5*p - 5*q - 125 = 0. Let a(l) = 3*l**2 - 77*l + 23. What is the units digit of a(p)?
9
Suppose 3*h = -2*g + 7, -g + h - 9 = -5*g. Suppose 4*a - 138 = -g*a. What is the tens digit of a?
2
Let g(h) = h**3 - 35*h**2 + 61*h - 25. What is the tens digit of g(34)?
9
Suppose 49*u = 58086 + 49910. What is the tens digit of u?
0
Let d(v) = 2*v**2 - 25*v - 116. What is the thousands digit of d(-24)?
1
Let g = 1378 + -926. What is the hundreds digit of g?
4
Let y(i) = -i**3 - 15*i**2 - 4*i - 19. Let q(f) = f**3 + 11*f**2 - 9*f + 21. Let d be q(-12). What is the units digit of y(d)?
1
Suppose -16*a - 13 = -3*a. Let z = 9 + a. What is the units digit of z?
8
What is the hundreds digit of 379 + ((-4)/6)/((-36)/54)?
3
Let g = 317 - -284. Let s = g - 362. What is the tens digit of s?
3
What is the units digit of (3/((-48)/(-556)))/(5/140)?
3
Let p(r) = 2*r**3 - 12*r**2 + 17*r - 9. What is the tens digit of p(9)?
3
Let a be (-260)/30*(-3)/(-2). Let t = a - -65. What is the units digit of t?
2
Let l(c) = -3*c - 7. Let a be l(-5). Let q = a + -12. What is the units digit of q/3*18/(-1)?
4
Let u(d) = -3*d + d**2 + 7*d - 4*d. Let h(i) = 3*i**2 - 3*i + 9. Let x(b) = -h(b) + 4*u(b). What is the tens digit of x(5)?
3
Let x(p) be the second derivative of p**4/3 + 3*p. Let w be x(1). What is the tens digit of w/18 + (-7902)/(-162)?
4
Let s = -162 + 276. Let j = s - 68. Suppose 0 = -h + 2 + j. What is the units digit of h?
8
Let t = -18 + 32. What is the tens digit of -10 + t - 42/(-2)?
2
Suppose -3*f - 9 = 6. Let m(i) = -i**2 + 6*i + 3. Let o be m(3). Let q = o + f. What is the units digit of q?
7
Let d(h) = 3*h**3 + 2*h - 1. Let b be d(1). Suppose 3*p - t = 215, 0 = -b*p + 2*t + 189 + 99. What is the units digit of p?
1
Let z(o) = 5*o**2 + 14*o - 59. What is the units digit of z(4)?
7
Suppose -8 = g - 5*g. Suppose g*x - 258 = -x. Suppose q = 3*w - 67, -2*q - 28 = 2*w - x. What is the units digit of w?
4
Let x be (1 - 0) + (-1)/1 - -4. Suppose 5*b + 184 = x*h - 87, 4*b = -4*h + 316. What is the units digit of h?
4
Let d(k) = -k**3 - 7*k**2 + 4*k - 16. Let q be d(-7). Let r = -62 - q. What is the tens digit of -1 + (2 - r) + 0?
1
What is the tens digit of (-10 - -14 - (-36 + 1)) + -1?
3
Suppose -3*u + 13 = -5*n, 0*n + 8 = u + 2*n. Suppose -8*w + 332 = -u*w. What is the units digit of w?
6
Suppose 3*l - 3015 = -1044. What is the units digit of l?
7
Let v(d) = d**2 + 6*d. Let p be v(-6). Suppose p = -2*t + 59 + 77. What is the tens digit of t?
6
Let j be -14*((-15)/10)/3. Suppose -4*u + 461 + j = 0. What is the tens digit of u?
1
Let a(h) be the second derivative of h**5/120 + h**4/8 - 5*h**3/6 - h. Let l(s) be the second derivative of a(s). What is the units digit of l(8)?
1
What is the tens digit of ((11 - 14) + -38)*-17?
9
Suppose 110*j - 7910 = 96*j. What is the units digit of j?
5
Let m(i) = 4*i**2 - 30*i + 39. What is the tens digit of m(17)?
8
Let o(s) be the second derivative of -s**5/20 - s**4/2 - 5*s**3/6 + s. Let j be o(-5). Suppose j = -5*k + 3*k + 46. What is the units digit of k?
3
Let x(k) = 2*k - 20. Let l = -11 + 23. Let b be x(l). Suppose -2*j - b*v + 50 = -50, -2*v = 4*j - 224. What is the units digit of j?
8
Suppose 0 = 18*g - 23*g + 6505. What is the tens digit of g?
0
Let l(n) = n**3 + 9*n**2 - 1. What is the hundreds digit of l(6)?
5
Suppose 0 = -6*r + 2*r - 8. Let d be ((-2)/(-5))/(r/(-10)). What is the tens digit of 72/21*21/d?
3
Suppose 12 = -10*q + 13*q. Suppose -5*b - 15 = -0*b, -q*l - b + 5 = 0. What is the tens digit of -2*-1*31/l?
3
Let w be 1 - -87 - (-2)/(-1). Suppose 82 = r + t, r + 2*t - w = -t. What is the units digit of r?
0
Suppose -20*j = 19*j - 20241. What is the units digit of j?
9
Suppose 4*k - 4 = r, -3*r + 4 = -k - 3*k. Suppose g + q = 273, 34 = -4*g + r*q + 1142. What is the units digit of g?
5
What is the units digit of (-1)/(-2)*(1436 + 74)?
5
Let p(d) = 4*d**3 + 6*d**2 - 8*d - 7. Let q(w) = 3*w**3 + 7*w**2 - 8*w - 7. Let o(h) = 2*p(h) - 3*q(h). What is the units digit of o(-11)?
1
Let c be (-17)/51*(1 - 1). Let z be (-1 - c)/((-3)/6). Suppose 4*o + 2*f - 186 = 0, z*o - 4*f - 47 - 51 = 0. What is the units digit of o?
7
Let p = -45 + 77. Suppose -w - 1 = -p. Suppose -y + w = -0*y. What is the units digit of y?
1
Suppose -4*r + 8 = -2*t, -5*r + 24 = -1. Suppose 110 = -s + t*s. Suppose p + 2*m = -2*m + s, -40 = -p + 2*m. What is the tens digit of p?
3
What is the units digit of 3 + -4 + 3094/((-8)/(-8))?
3
Suppose -5*q + 3*y - 20 = 0, 0 = 2*q - q + y + 4. Let l = q - -3. What is the units digit of (-1)/(l/7) + -2?
5
Let m(u) = -88*u**3 + 5*u**2 + 13*u + 22. What is the units digit of m(-3)?
4
Let g be 18/(-15)*1*-10. Let c be (2 - -2)*15/g. Suppose -c*d = 4*p - 157, 0*p + 2*p = -4. What is the units digit of d?
3
Suppose 441 = 89*u - 86*u. What is the units digit of (3108/u)/((-4)/(-14))?
4
Let r(h) = h - 1. Let c be r(5). Suppose -109 = -0*x + 3*x - 5*v, -c = -2*v. What is the units digit of (-1 - -1)/(-1) - x?
3
What is the hundreds digit of 10322/4 + (45/(-6) - -5)?
5
Let b be ((-16)/(-1))/(2/4). What is the units digit of (b/(-5))/(14/(-35))?
6
Suppose 6*p + g = 10844, -15*g = -11*g - 8. What is the units digit of p?
7
Let c(g) = -g**3 + 2*g**2 + 4*g + 1. Let y be c(3). Suppose -3*v = -y*v + 79. What is the tens digit of v?
7
Let o(c) = -14*c + 332. What is the hundreds digit of o(-47)?
9
What is the tens digit of 4/(3 - (-14993)/(-4999))?
9
Let d(v) = -v + 226. Let f be d(0). Let h = -95 + f. What is the units digit of h?
1
Let a = 18 - 15. Suppose 182 = 4*m - 3*j, 2*m + 6*j - 100 = a*j. What is the units digit of 3/(4 - m/12)?
6
Let v(a) be the second derivative of a**3/6 + 9*a**2/2 + 7*a. What is the units digit of v(0)?
9
Let x(j) = 2*j**2 + 3*j - 11. Let h(v) = -v**2 - 3*v + 11. Let m(g) = 4*h(g) + 3*x(g). What is the units digit of m(7)?
8
Let h(k) = -k**3 + 11*k**2 + 19*k + 15. What is the units digit of h(-6)?
3
Suppose -4*q + 94 = -2*d, -2*d - 2*q = -0*q + 88. What is the tens digit of (1695/d)/(1/(-3))?
1
Suppose c = -2*c + 6. Suppose 2*v + 11 = 3*q, 4*q - 2 = c*q - 4*v. Suppose q*t - 29 = 1. What is the units digit of t?
0
Suppose -u - 3*u = -1280. What is the hundreds digit of u?
3
Let q(r) = 38*r - 256. What is the units digit of q(19)?
6
Let r = 78 +